base 6) to base 10
-18978
1986 (base 10) to base 8
3702
Convert 3330 (base 13) to base 10.
7137
What is -3d63 (base 16) in base 3?
-210120001
Convert 5388 (base 11) to base 14.
2842
Convert 3567 (base 12) to base 7.
23305
-1390 (base 10) to base 12
-97a
What is 3124 (base 5) in base 10?
414
Convert 10108 (base 10) to base 14.
3980
34101 (base 5) to base 15
aa1
What is 101101001010 (base 2) in base 7?
11266
Convert -2112033 (base 4) to base 12.
-5693
-1310 (base 8) to base 13
-42a
11a (base 12) to base 6
434
What is 5c80 (base 14) in base 7?
65120
Convert 10710 (base 8) to base 3.
20020121
What is 177 (base 8) in base 9?
151
What is -101020001 (base 3) in base 11?
-5666
What is 1252 (base 6) in base 8?
500
What is -138 (base 9) in base 8?
-164
What is 1a64b (base 14) in base 13?
24706
1da (base 15) to base 6
1554
What is 20111020 (base 4) in base 15?
a19a
What is -373 (base 14) in base 15?
-30e
11022 (base 5) to base 10
762
Convert -1260 (base 7) to base 2.
-111100011
Convert -2da (base 14) to base 10.
-584
What is 2245 (base 9) in base 3?
2021112
-1515 (base 8) to base 15
-3b5
What is -4024 (base 7) in base 10?
-1390
-11105 (base 7) to base 14
-103c
What is 7471 (base 14) in base 11?
14105
Convert -777 (base 8) to base 15.
-241
What is -30301200 (base 4) in base 8?
-146140
Convert 5350 (base 7) to base 10.
1897
What is -1199 (base 14) in base 13?
-1527
Convert -787 (base 9) to base 6.
-2554
-5015 (base 8) to base 11
-1a2a
-111221 (base 3) to base 9
-457
Convert -414 (base 15) to base 7.
-2452
Convert -2211002210 (base 3) to base 14.
-1630b
Convert -26647 (base 13) to base 2.
-10001011011010001
c2ef (base 16) to base 3
2112110021
Convert -108 (base 13) to base 11.
-151
4289 (base 12) to base 2
1110010001001
What is -3826 (base 11) in base 16?
-137d
741 (base 9) to base 15
2a4
Convert -1595 (base 12) to base 14.
-d0d
What is 124 (base 11) in base 13?
b4
54b3 (base 15) to base 8
43027
Convert -311 (base 12) to base 11.
-375
Convert -1211201 (base 3) to base 9.
-1751
-3788 (base 9) to base 12
-1782
What is 349 (base 12) in base 14?
26d
What is -11011111011 (base 2) in base 13?
-a76
-9621 (base 10) to base 13
-44c1
What is 64b (base 14) in base 2?
10011011011
What is 241555 (base 6) in base 8?
51257
3315 (base 6) to base 15
362
27 (base 10) to base 16
1b
30433 (base 7) to base 12
4367
What is -17426 (base 8) in base 12?
-4732
What is 6504 (base 7) in base 4?
210003
Convert -152541 (base 6) to base 14.
-55db
-618 (base 9) to base 4
-13313
What is 14043 (base 5) in base 16?
47c
-22202032 (base 4) to base 16
-a88e
Convert 10200122 (base 3) to base 7.
10562
Convert -1103151 (base 6) to base 4.
-31131223
What is 110110110 (base 2) in base 7?
1164
What is 155245 (base 8) in base 7?
322121
Convert -152 (base 7) to base 8.
-126
Convert 15222 (base 6) to base 5.
34322
Convert 480 (base 9) to base 3.
112200
-2220211 (base 3) to base 8
-4120
6014 (base 7) to base 6
13325
-1626 (base 7) to base 4
-22101
What is 44554 (base 7) in base 5?
330020
-1382 (base 12) to base 9
-3078
Convert -135 (base 6) to base 5.
-214
What is 13204 (base 5) in base 13?
631
What is 33446 (base 9) in base 4?
11123130
-8af (base 16) to base 12
-1353
Convert 7ebe (base 15) to base 11.
19284
Convert -10b1a (base 14) to base 6.
-511540
Convert -331 (base 11) to base 12.
-291
-12602 (base 8) to base 7
-22024
7133 (base 8) to base 15
1150
6276 (base 8) to base 13
163c
What is -1592 (base 13) in base 12?
-19b5
-788 (base 12) to base 5
-13422
aa26 (base 11) to base 5
431143
What is b26 (base 15) in base 13?
11b2
What is 1150 (base 6) in base 13?
189
Convert 11100111010 (base 2) to base 3.
2112112
Convert 57d0 (base 15) to base 16.
48d5
-176e (base 15) to base 6
-35222
What is -42531 (base 6) in base 13?
-2854
What is 2928 (base 11) in base 6?
25301
Convert 3120 (base 5) to base 2.
110011010
What is 1110001 (base 3) in base 15?
4a4
What is 204331 (base 5) in base 13?
3163
12122323 (base 4) to base 15
7bd4
Convert 259 (base 11) to base 7.
615
Convert -546 (base 8) to base 3.
-111021
What is -30132 (base 7) in base 4?
-1301223
-1152 (base 15) to base 6
-25005
-4058 (base 16) to base 11
-11415
What is 23301010 (base 4) in base 16?
bc44
Convert -10396 (base 10) to base 16.
-289c
Convert -13002 (base 5) to base 10.
-1002
Convert 200201 (base 3) to base 6.
2201
202220 (base 4) to base 14
b44
What is 25c (base 13) in base 16?
19f
What is 742 (base 8) in base 6?
2122
What is 59de (base 15) in base 7?
106466
What is -19b2 (base 16) in base 9?
-10018
13103 (base 5) to base 11
855
Convert 41010 (base 6) to base 2.
1010100011110
What is -452 (base 11) in base 6?
-2301
-4830 (base 10) to base 5
-123310
What is 1d6d5 (base 14) in base 10?
75451
What is 140413 (base 5) in base 16?
1665
3310 (base 7) to base 9
1554
What is 1001 (base 8) in base 5?
4023
What is 3527 (base 8) in base 13?
b17
Convert -c40 (base 14) to base 3.
-10022012
111111000011 (base 2) to base 9
5473
1010101000101 (base 2) to base 5
133240
Convert 7648 (base 11) to base 3.
111211220
Convert 357 (base 15) to base 6.
3301
12212110 (base 3) to base 6
31450
What is -d4 (base 15) in base 2?
-11000111
1101110010 (base 2) to base 9
1180
Convert 5244 (base 8) to base 2.
101010100100
Convert 712 (base 10) to base 14.
38c
Convert 11010 (base 2) to base 16.
1a
-2873 (base 9) to base 10
-2172
Convert 106225 (base 7) to base 16.
4a26
456 (base 9) to base 4
11313
136610 (base 7) to base 14
9877
Convert 3000 (base 6) to base 2.
1010001000
What is 288 (base 12) in base 3?
112112
-1706 (base 15) to base 14
-1b40
334 (base 10) to base 13
1c9
Convert -10612 (base 10) to base 7.
-42640
Convert -203403 (base 5) to base 10.
-6728
What is -143647 (base 8) in base 14?
-148ab
3345 (base 9) to base 13
1181
What is 1011110100 (base 2) in base 16?
2f4
-a1c (base 13) to base 10
-1715
What is 811 (base 15) in base 10?
1816
2308 (base 11) to base 6
22013
Convert -55 (base 8) to base 11.
-41
Convert 1bb9 (base 12) to base 15.
1053
10122020 (base 3) to base 13
1290
What is -132233 (base 6) in base 11?
-9181
-351 (base 8) to base 4
-3221
What is 220002 (base 3) in base 15?
2d5
What is -8d9 (base 14) in base 7?
-5062
What is 1332 (base 12) in base 10?
2198
What is -35c9 (base 14) in base 8?
-22255
-87 (base 11) to base 14
-6b
3122033 (base 4) to base 14
5139
Convert 1582 (base 13) to base 6.
22324
What is -8695 (base 11) in base 3?
-120202010
What is 1f9e (base 16) in base 15?
25e9
31016 (base 7) to base 3
101100222
Convert -211010 (base 3) to base 11.
-4a3
What is 212101 (base 3) in base 7?
1561
Convert 172a6 (base 11) to base 13.
b0b6
What is 20001010 (base 3) in base 15?
1489
Convert -113103 (base 5) to base 2.
-1000000111001
What is -2db (base 15) in base 12?
-468
-62236 (base 8) to base 7
-135045
What is -ab5 (base 15) in base 5?
-34140
What is -100110010011 (base 2) in base 7?
-10101
Convert 220200 (base 5) to base 9.
11318
Convert -331 (base 10) to base 5.
-2311
Convert 290 (base 13) to base 5.
3310
Convert -12075 (base 8) to base 13.
-2487
Convert 411 (base 12) to base 16.
24d
Convert -21222 (base 4) to base 8.
-1152
Convert -25221 (base 6) to base 7.
-13645
Convert 11220 (base 5) to base 6.
3430
Convert -10010111010001 (base 2) to base 11.
-7301
Convert -18348 (base 9) to base 14.
-489a
50617 (base 10) to base 16
c5b9
-146524 (base 7) to base 6
-341004
Convert 2169 (base 16) to base 14.
318d
Convert 311020 (base 4) to base 2.
110101001000
23c1 (base 13) to base 4
1033002
What is -10101 (base 5) in base 3?
-220010
Convert 11575 (base 8) to base 13.
236a
Convert -101111110 (base 2) to base 4.
-11332
Convert 55cc (base 15) to base 3.
220221210
1b (base 12) to base 4
113
What is -2444 (base 14) in base 10?
-6332
-23155 (base 8) to base 3
-111111100
What is 101134 (base 7) in base 16?
4348
-535 (base 7) to base 6
-1131
9303 (base 16) to base 13
14190
What is -5311 (base 7) in base 16?
-74e
Convert -20505 (base 7) to base 6.
-35220
22435 (base 9) to base 11
10249
1056 (base 12) to base 15
7e9
Convert 4a (base 13) to base 5.
222
273 (base 14) to base 4
13231
What is -677 (base 9) in base 8?
-1054
What is -23023 (base 8) in base 10?
-9747
-19b (base 12) to base 13
-173
330 (base 7) to base 14
c0
Convert -1245 (base 7) to base 2.
-111011010
What is -e6 (base 15) in base